base 8) to base 16
-30d424
1580bc (base 13) to base 4
2001311311
What is 26cb30 (base 13) in base 6?
32110034
1010000011001011 (base 2) to base 9
62416
-a7376 (base 16) to base 3
-1021210112100
21114323 (base 6) to base 10
616587
Convert -100220 (base 11) to base 3.
-22012021122
-2102002022021 (base 3) to base 11
-7a5545
111377 (base 10) to base 12
54555
What is -4110343 (base 6) in base 3?
-100221122000
Convert 1aa5b (base 14) to base 16.
10939
What is -12120213 (base 5) in base 16?
-1bc90
What is -232a2 (base 11) in base 16?
-835d
1a54a9 (base 12) to base 7
3646152
What is 2022303000 (base 4) in base 10?
568512
-30a04 (base 12) to base 4
-33202210
Convert 27623 (base 9) to base 6.
222420
What is -c5d982 (base 14) in base 11?
-3855476
Convert -11041440 (base 5) to base 12.
-47a13
-101100111111110011011001 (base 2) to base 9
-24167553
What is 326565 (base 7) in base 16?
e0e5
Convert -5750887 (base 9) to base 8.
-13656520
Convert -31412431 (base 5) to base 15.
-53111
Convert -9d254 (base 14) to base 15.
-7823c
Convert 101313002 (base 4) to base 13.
273b3
What is 610888 (base 9) in base 14?
95ab5
What is 202120002 (base 3) in base 7?
61460
-494b4a (base 13) to base 16
-1abf62
What is 127d13 (base 14) in base 16?
9b60d
-5660567 (base 10) to base 8
-25457627
What is ac0dbd (base 16) in base 10?
11275709
Convert -10000001101110111100 (base 2) to base 9.
-888831
What is 10334611 (base 7) in base 15?
1268b1
234849 (base 14) to base 5
302003010
Convert -1110010000011001101110 (base 2) to base 8.
-16203156
Convert 27a472 (base 11) to base 2.
1101011000010111110
What is 253947 (base 11) in base 10?
400440
51513050 (base 6) to base 11
926391
-ba521 (base 12) to base 5
-30333441
What is -16d2538 (base 14) in base 15?
-ec7021
Convert 16334534 (base 7) to base 14.
2d4d8b
What is -12021122200 (base 3) in base 2?
-11001011000111011
What is 8114 (base 10) in base 5?
224424
What is 20100210212 (base 3) in base 13?
45017
Convert -4664175 (base 9) to base 13.
-6a41c8
Convert 1102554 (base 7) to base 15.
2a1d6
Convert -986165 (base 11) to base 3.
-2222000011122
178010 (base 9) to base 2
11011000011100001
2022012101200 (base 3) to base 4
10222321113
Convert -1622064 (base 8) to base 11.
-29a6a3
76752 (base 11) to base 14
2c837
What is -9eb (base 15) in base 11?
-1762
2216661 (base 8) to base 5
123104200
What is 234121 (base 7) in base 4?
22110031
What is -1220210212 (base 3) in base 12?
-19a35
What is -a7051 (base 13) in base 8?
-1113777
Convert 17c16 (base 14) to base 10.
59996
-3231320101 (base 4) to base 12
-3aba41
2312221310 (base 4) to base 7
6234122
Convert -57558 (base 15) to base 10.
-277958
Convert 130120132 (base 4) to base 6.
2254114
What is -4a404 (base 16) in base 8?
-1122004
1100111101100101111 (base 2) to base 12
18597b
Convert 403a1 (base 16) to base 10.
263073
What is -10110201020 (base 3) in base 10?
-68316
-2583513 (base 10) to base 16
-276bd9
Convert -8eb4ad (base 16) to base 4.
-203223102231
Convert 270131 (base 10) to base 16.
41f33
-11100133332 (base 4) to base 10
-1378302
Convert -3878649 (base 12) to base 10.
-11108505
102022020221 (base 3) to base 4
312111010
-1111000111101111010000 (base 2) to base 13
-a8a2a0
-10439 (base 13) to base 2
-111001001100101
Convert 101000100100100110 (base 2) to base 12.
80206
Convert -e9371 (base 15) to base 6.
-23505254
Convert -1ac7224 (base 14) to base 7.
-221541144
13143713 (base 8) to base 2
1011001100011111001011
-f3e72 (base 16) to base 11
-622646
What is -3015523 (base 6) in base 10?
-142539
Convert -1a8352 (base 11) to base 9.
-534841
16ec2 (base 15) to base 14
1d087
What is -2ba07 (base 15) in base 14?
-39372
What is -764a41 (base 11) in base 3?
-2022001222012
Convert 112749a (base 12) to base 15.
44e81d
-27a8041 (base 11) to base 13
-1000476
What is 11000111111101000100 (base 2) in base 5?
202202022
ca44 (base 15) to base 13
16645
What is -3000101212 (base 4) in base 14?
-167022
Convert -a5971a (base 13) to base 14.
-72cb22
What is -6550465 (base 7) in base 11?
-4a8762
Convert -556063 (base 8) to base 5.
-21444233
Convert 8575d (base 14) to base 3.
121101101120
What is -21452100 (base 6) in base 4?
-2131113210
What is 4509306 (base 10) in base 8?
21147172
Convert 333356 (base 7) to base 5.
3340331
Convert 324031124 (base 5) to base 14.
283760
Convert -658385 (base 9) to base 2.
-1100000000000100011
-cbe23 (base 15) to base 11
-402787
Convert 1010133201 (base 4) to base 2.
1000100011111100001
2677b (base 16) to base 14
415c7
-134120410 (base 5) to base 4
-2220330030
52101551 (base 7) to base 10
4370444
-212122100212222 (base 3) to base 10
-12564962
880a5 (base 16) to base 14
1070d7
What is 158a5b5 (base 13) in base 3?
111001022122200
What is -2153281 (base 11) in base 3?
-21010010112001
What is -1002221202100 (base 3) in base 11?
-372a63
What is -212131200 (base 4) in base 15?
-31a26
-1101010101000010 (base 2) to base 8
-152502
7a496 (base 16) to base 7
4154211
What is -100101101110011101100 (base 2) in base 14?
-242724
-21445322 (base 6) to base 16
-9d3b2
Convert 4559d (base 14) to base 3.
22120010212
What is 237341 (base 14) in base 13?
335127
What is -1337d (base 14) in base 12?
-23497
What is -27da3c (base 15) in base 11?
-10a1005
Convert 100102132 (base 4) to base 11.
46143
-2120211010 (base 3) to base 14
-14798
What is 246569 (base 13) in base 3?
1122020201012
3302102330 (base 4) to base 8
3622274
What is -262b441 (base 12) in base 2?
-11100101101011010110001
What is -6b942 (base 15) in base 4?
-1103232302
Convert 172708 (base 9) to base 5.
11411014
Convert 12527548 (base 9) to base 10.
6159770
What is 52273 (base 11) in base 16?
1299d
Convert -1000111010011001001010 (base 2) to base 8.
-10723112
What is 101111000010000010001001 (base 2) in base 6?
1120131053
What is -65270 (base 13) in base 12?
-89938
-2535945 (base 13) to base 4
-230102010021
Convert -ec60 (base 16) to base 8.
-166140
What is 29444 (base 13) in base 16?
12f3b
What is 67939 (base 10) in base 11?
47053
Convert -104614345 (base 7) to base 2.
-11000001011111001100000
What is -58974 (base 10) in base 12?
-2a166
What is ab6682 (base 12) in base 6?
134244242
-404202342 (base 5) to base 9
-3056115
-1102002121020 (base 3) to base 10
-749850
What is -1661490 (base 12) in base 11?
-2666455
Convert -168a617 (base 11) to base 13.
-795b81
Convert d6fc (base 16) to base 12.
27a24
What is -11002011111100 (base 3) in base 8?
-10213126
-5493 (base 11) to base 12
-4235
Convert 178172b (base 15) to base 7.
265325402
10477733 (base 8) to base 16
227fdb
Convert a98220 (base 14) to base 12.
1b11530
-471694 (base 11) to base 3
-1102001020020
2732372 (base 10) to base 16
29b154
Convert 14de52 (base 15) to base 4.
3312111101
Convert 241387 (base 12) to base 16.
8e4d7
What is -11012222121 (base 3) in base 9?
-135877
11220013131 (base 4) to base 11
918243
Convert 31604 (base 12) to base 4.
33310210
13407382 (base 9) to base 12
2272478
What is 2527163 (base 8) in base 14?
143175
Convert 2005076 (base 13) to base 5.
4433232300
Convert a229 (base 13) to base 16.
5747
Convert 3005261 (base 7) to base 8.
1264763
Convert 2002201011 (base 3) to base 12.
1bb11
-105107 (base 9) to base 12
-303ba
2629188 (base 11) to base 8
21270372
What is 302200 (base 7) in base 10?
51205
1166304 (base 7) to base 13
539bb
Convert 7d11bc (base 14) to base 6.
231243534
12001221021 (base 3) to base 14
28546
1a5739 (base 13) to base 16
a35bf
Convert 1021200210222 (base 3) to base 11.
427112
Convert -58b078 (base 15) to base 13.
-b55668
Convert -561728 (base 9) to base 11.
-20a434
What is 970a0b (base 12) in base 9?
4436082
ab7712 (base 14) to base 7
100324022
3372241 (base 8) to base 7
10526311
Convert -23634135 (base 8) to base 2.
-10011110011100001011101
Convert -55c80 (base 16) to base 7.
-2662242
Convert 10111011111110 (base 2) to base 6.
131410
Convert -8e163 (base 15) to base 8.
-1563730
Convert 15115153 (base 6) to base 12.
212ab9
Convert 133322213 (base 4) to base 9.
218282
Convert -100101001010101100100 (base 2) to base 10.
-1217892
-1a10 (base 11) to base 3
-10111112
22058 (base 11) to base 9
47813
What is -22486 (base 14) in base 16?
-14516
What is 1905331 (base 10) in base 15?
279821
Convert -13b2699 (base 12) to base 2.
-1111001000000001010101
122233102 (base 4) 